 5445166 is divided by 5261?
31
What is the remainder when 2891982 is divided by 327?
321
What is the remainder when 7561277 is divided by 2386?
43
What is the remainder when 771119 is divided by 435?
299
What is the remainder when 148809 is divided by 147670?
1139
What is the remainder when 4456097 is divided by 88?
41
Calculate the remainder when 1184194 is divided by 545.
454
Calculate the remainder when 777627 is divided by 280.
67
What is the remainder when 3023 is divided by 909?
296
What is the remainder when 2863021 is divided by 1431507?
7
Calculate the remainder when 4770982 is divided by 2273.
2228
Calculate the remainder when 323484 is divided by 46090.
854
Calculate the remainder when 954455 is divided by 1480.
1335
What is the remainder when 151107 is divided by 483?
411
What is the remainder when 3182378 is divided by 1009?
1001
Calculate the remainder when 13673005 is divided by 3505.
0
Calculate the remainder when 107052 is divided by 3513.
1662
What is the remainder when 235765501 is divided by 23?
22
Calculate the remainder when 11499358 is divided by 1357.
140
What is the remainder when 928458 is divided by 218?
214
What is the remainder when 705935 is divided by 47?
42
What is the remainder when 2901371 is divided by 387?
32
Calculate the remainder when 13781387 is divided by 6690.
6677
Calculate the remainder when 137885 is divided by 16568.
5341
What is the remainder when 14480426 is divided by 7388?
7334
Calculate the remainder when 62942003 is divided by 108.
35
What is the remainder when 441613 is divided by 1477?
1467
What is the remainder when 682752 is divided by 526?
4
Calculate the remainder when 395588096 is divided by 13.
7
Calculate the remainder when 5478748 is divided by 273937.
8
What is the remainder when 1050629 is divided by 18?
5
What is the remainder when 12014388 is divided by 6007192?
4
What is the remainder when 271640121 is divided by 36?
33
What is the remainder when 79819 is divided by 857?
118
What is the remainder when 8849 is divided by 1702?
339
Calculate the remainder when 57023 is divided by 584.
375
Calculate the remainder when 16022 is divided by 3911.
378
What is the remainder when 33334408 is divided by 127718?
10
Calculate the remainder when 11359370 is divided by 606.
506
What is the remainder when 948961 is divided by 4144?
4129
Calculate the remainder when 23619 is divided by 4692.
159
What is the remainder when 43062226 is divided by 444?
442
Calculate the remainder when 16848684 is divided by 292.
284
What is the remainder when 207756610 is divided by 446?
444
What is the remainder when 63817334 is divided by 536280?
14
Calculate the remainder when 18928957 is divided by 42.
19
What is the remainder when 2054781 is divided by 684689?
714
What is the remainder when 13508336 is divided by 1274?
114
Calculate the remainder when 11361935 is divided by 1.
0
Calculate the remainder when 1741391 is divided by 51217.
13
What is the remainder when 135773 is divided by 7986?
11
Calculate the remainder when 106848 is divided by 7577.
770
Calculate the remainder when 5749228 is divided by 1916373.
109
Calculate the remainder when 74717 is divided by 95.
47
Calculate the remainder when 28167 is divided by 3165.
2847
Calculate the remainder when 909260 is divided by 6102.
62
Calculate the remainder when 175936942 is divided by 36.
10
What is the remainder when 12681018 is divided by 254?
68
What is the remainder when 3783796 is divided by 26460?
16
What is the remainder when 1348322 is divided by 521?
495
What is the remainder when 1666323 is divided by 240?
3
Calculate the remainder when 651220 is divided by 20341.
308
Calculate the remainder when 2883416 is divided by 16.
8
What is the remainder when 4168321 is divided by 84?
73
What is the remainder when 48976 is divided by 16318?
22
Calculate the remainder when 299271935 is divided by 564.
563
What is the remainder when 11022762 is divided by 37749?
54
What is the remainder when 326498 is divided by 51?
47
Calculate the remainder when 1166985 is divided by 10704.
249
Calculate the remainder when 349883 is divided by 71.
66
What is the remainder when 1007698 is divided by 14392?
258
Calculate the remainder when 367905 is divided by 1005.
75
Calculate the remainder when 1333024 is divided by 1333004.
20
What is the remainder when 263254 is divided by 2462?
2282
Calculate the remainder when 187680610 is divided by 1574.
1572
Calculate the remainder when 475165 is divided by 470.
465
Calculate the remainder when 295174 is divided by 294687.
487
What is the remainder when 51994 is divided by 2286?
1702
What is the remainder when 132513556 is divided by 3442?
3440
Calculate the remainder when 171458529 is divided by 51.
48
Calculate the remainder when 5681 is divided by 275.
181
What is the remainder when 597096 is divided by 37316?
40
Calculate the remainder when 7256896 is divided by 427.
31
What is the remainder when 2229189 is divided by 371517?
87
What is the remainder when 94093985 is divided by 235?
220
Calculate the remainder when 21141335 is divided by 56.
47
Calculate the remainder when 1088124 is divided by 369.
312
What is the remainder when 100394 is divided by 19?
17
Calculate the remainder when 3054641 is divided by 5966.
49
What is the remainder when 24270508 is divided by 15?
13
Calculate the remainder when 55489617 is divided by 258.
9
What is the remainder when 587931 is divided by 12?
3
Calculate the remainder when 22602581 is divided by 61.
7
What is the remainder when 539593 is divided by 89273?
3955
Calculate the remainder when 2124553 is divided by 2569.
2559
Calculate the remainder when 3312618 is divided by 110.
78
Calculate the remainder when 2705667 is divided by 5.
2
Calculate the remainder when 478129 is divided by 79688.
1
Calculate the remainder when 5206 is divided by 2416.
374
What is the remainder when 2314024 is divided by 341?
339
Calculate the remainder when 248630 is divided by 6363.
473
What is the remainder when 44913815 is divided by 15?
5
What is the remainder when 9350123 is divided by 23259?
5
Calculate the remainder when 78774345 is divided by 14.
13
Calculate the remainder when 23408802 is divided by 114749.
6
Calculate the remainder when 60483 is divided by 15032.
355
Calculate the remainder when 4149324 is divided by 269.
268
Calculate the remainder when 169525 is divided by 664.
205
Calculate the remainder when 867769 is divided by 14699.
528
What is the remainder when 11231405 is divided by 69?
68
Calculate the remainder when 121291 is divided by 1231.
653
What is the remainder when 50583 is divided by 389?
13
Calculate the remainder when 105967 is divided by 52650.
667
Calculate the remainder when 1794065 is divided by 236.
229
Calculate the remainder when 964199 is divided by 107132.
11
Calculate the remainder when 18937 is divided by 976.
393
What is the remainder when 289103 is divided by 3948?
899
Calculate the remainder when 2887498 is divided by 70426.
32
What is the remainder when 86261692 is divided by 724?
712
Calculate the remainder when 5591961 is divided by 243127.
40
What is the remainder when 75734 is divided by 706?
192
Calculate the remainder when 2320052 is divided by 3736.
3732
Calculate the remainder when 51058889 is divided by 1998.
1997
What is the remainder when 238369 is divided by 4414?
13
What is the remainder when 5264144 is divided by 199?
196
What is the remainder when 53774898 is divided by 2987494?
6
Calculate the remainder when 2106138 is divided by 2438.
2144
What is the remainder when 24725402 is divided by 210?
2
What is the remainder when 1264601 is divided by 1695?
131
What is the remainder when 18201059 is divided by 37145?
9
What is the remainder when 5228978 is divided by 11173?
14
What is the remainder when 1470229 is divided by 210?
19
What is the remainder when 1639076 is divided by 247?
231
Calculate the remainder when 596014 is divided by 65.
29
Calculate the remainder when 86537 is divided by 54.
29
Calculate the remainder when 152536 is divided by 4234.
112
What is the remainder when 59953802 is divided by 17?
4
Calculate the remainder when 89073393 is divided by 13.
6
What is the remainder when 352433 is divided by 1720?
1553
Calculate the rema